
28
Let d(w) = w**2 - 24*w - 211. Calculate the remainder when d(-7) is divided by 3.
0
Suppose v - 26*v + 500 = 0. Calculate the remainder when 153 is divided by v.
13
Suppose 2*z + z - 732 = -3*y, -4*y + 976 = 5*z. What is the remainder when y is divided by 83?
78
What is the remainder when 11 + (-3 + 6)/(-1) is divided by 6?
2
Suppose -2*b + p + 31 = 0, -5*b = -0*b + 4*p - 45. Let o(x) = x**2 - 5*x - 1. Calculate the remainder when o(8) is divided by b.
10
Let p = -14 + 13. Let l be (6/p - 1)*-3. Let g = l - 13. What is the remainder when 31 is divided by g?
7
Suppose 4*k = 152 + 276. Calculate the remainder when k is divided by (-4)/(-10) + (-4 - 396/(-10)).
35
Let d(j) = 7*j + 19. Let k be d(-5). Let c = -3 - k. What is the remainder when 74/(0 + 2 + 0) is divided by c?
11
Let r(w) = w**3 - 9*w**2 + 11*w. Suppose 0 = -4*u + 20, -5*k - 5*u + 65 = -0*u. Calculate the remainder when r(k) is divided by (1 - 0)/((-10)/390*-3).
11
Suppose 0 = g + 9 - 40. Let z(i) = i**3 - 8*i**2 + 2*i - 8. Calculate the remainder when g is divided by z(8).
7
Suppose 18*r = 22*r - 8. Suppose 94 = w - 4*z, -r*w - 3*z = -w - 94. Calculate the remainder when w is divided by 24.
22
Suppose 4*z + 24 = 3*w - 5, 5*w - 2*z - 25 = 0. Suppose 0 = -3*s - w*s + 126. What is the remainder when 60 is divided by s?
18
Let h = 184 + -121. Suppose r = -18 + h. Calculate the remainder when 132 is divided by r.
42
Let m = -392 + 495. What is the remainder when m is divided by 27?
22
Let g(x) = 2*x - 22. Let o be g(8). Suppose 75 = 5*u + m, 2*u + 2*u - 2*m - 60 = 0. Calculate the remainder when 106 is divided by (12/u)/(o/(-270)).
34
Let j(c) = c + 7. Let n be j(11). Let y be (n/(-27))/(1/(-6)). Suppose -y*b + 25 = -3. Calculate the remainder when 25 is divided by b.
4
Let y = -12 - 6. What is the remainder when 0 - 718/(-6) - (-12)/y is divided by 24?
23
Let d(p) = 56*p - 151. Calculate the remainder when 126 is divided by d(3).
7
Let o(t) = 3*t**2 + t - 1. Let r be o(3). Suppose -l + r = -11. What is the remainder when l is divided by ((-77)/(-66))/((-3)/(-54))?
19
Suppose 0 = 2*q - 9 - 51. Let h(w) = 8*w**2 - w - 2. Let x be h(-2). Suppose 0*b + 2*b - x = 0. What is the remainder when q is divided by b?
14
Suppose 3*r = -3*l + 75, 0 = 5*r - 4*r - 4*l - 35. Suppose 0 = -2*p - 3*p + 70. What is the remainder when r is divided by p?
13
What is the remainder when (-3)/(8 + (-377)/47) is divided by 30?
21
Let h(q) = q**3 - q**2 - 2*q - 1. Let s be h(-1). Let g = 17 - s. Calculate the remainder when 32 is divided by g.
14
Let v(k) = -k**3 + 7*k**2 + 2*k + 7. Let q be (-4)/18 - 2219/(-63). Suppose 4*n + n - q = 0. Calculate the remainder when 83 is divided by v(n).
20
Suppose -4*k - 12 = 0, -2*k = 5*s - 7*k - 15. Suppose -n + s*n = 10. Let v(f) = f**3 + 10*f**2 - 4*f - 13. What is the remainder when v(n) is divided by 7?
6
Suppose 6*o + 0*o = -162. Calculate the remainder when 63 is divided by 15 - (6/o + (-76)/(-18)).
8
Let l(j) = j**2 + 100. What is the remainder when l(17) is divided by 98?
95
Suppose -5*b = 2*m - 144, 5*m + 102 = 3*b + m. Let v = -7 - -10. Suppose v*d - 345 = 6. What is the remainder when d is divided by b?
27
Suppose 6*n = -4*n + 340. Calculate the remainder when 66 is divided by n.
32
Calculate the remainder when 71 is divided by (-6)/2*(-5 - -2).
8
What is the remainder when (1910/(-25))/(4/(-20)*1) is divided by 12?
10
Suppose 0 = -3*b + 6, 5*b = -5*w + 5138 - 1298. What is the remainder when w is divided by 12?
10
Let l(b) = 4*b**2 - 1. Let i be (-11 + 11)*1/3. Suppose 4*a - 2*a - 2 = i. What is the remainder when 5 is divided by l(a)?
2
Let i(h) = -19*h**2 - 2*h + 7. Let u(q) = -13*q**2 - q + 5. Let f(t) = -5*i(t) + 7*u(t). What is the remainder when f(3) is divided by 17?
11
Suppose -13*h - 8 = -47. Let z = 1 - 0. What is the remainder when h is divided by z?
0
Let v = -35 - -37. Suppose 225 = v*l - 29. What is the remainder when l is divided by 43?
41
Let f(p) = p**3 - 15*p**2 - 14*p - 13. Let h = -27 - -43. What is the remainder when 73 is divided by f(h)?
16
Suppose 2*c = -4*n - 0*c + 142, 3*n - 2*c - 110 = 0. Let k = -30 + n. What is the remainder when 8 is divided by k?
2
Suppose a + 3*a - 16 = 0. Suppose 15 + 13 = a*j. Suppose -3*o + 99 = 3*g - 0*g, 5*o = 4*g - 123. What is the remainder when g is divided by j?
4
Let n(b) = b**3 + b. Let i(j) = 6*j**3 + 6*j**2 + 10*j + 5. Let o(r) = i(r) - 5*n(r). Suppose 0 = z + 7 - 3. Calculate the remainder when 48 is divided by o(z).
14
Let u be (2 - (-1 - 2)) + -2. Suppose -u*y = 5*d - 201, d + 225 = 3*y - 2*d. Let m = y - 42. Calculate the remainder when 89 is divided by m.
29
Let u(m) = 68*m + 23. What is the remainder when u(2) is divided by 40?
39
Let k(n) = -n - 48. Let h be k(0). Let i be (828/(-5) - (-6)/(-15))/2. Let l = h - i. What is the remainder when l is divided by 9?
8
Suppose -4*i + 0*o + 74 = 2*o, 2*i - 2*o = 40. Suppose 4 = -3*g + i. Calculate the remainder when g is divided by 3.
2
Calculate the remainder when 968/20*(19 + -14) is divided by 61.
59
Let q be 1 + 2*(-6)/4. Suppose 8*f = 5*f - 24. Let y = q - f. Calculate the remainder when 10 is divided by y.
4
Suppose -348 + 99 = -3*g. Suppose 0 = -4*j + j + 4*v + g, 0 = 5*v + 10. Calculate the remainder when 73 is divided by j.
23
Suppose -6 = -2*f + 2. Suppose f*r = q - 6, 2*r = -2*q + 3*q - 14. Calculate the remainder when q is divided by 12.
10
Let h be 12/(-8)*8/(-6). Suppose k = -4*p + 44, -4*p + 22 = h*k - 26. What is the remainder when 69 is divided by p?
9
Suppose 2*z = 4*f + 58, 5*z - 44 = 4*z - 3*f. What is the remainder when 67 is divided by z?
32
Let t(q) = q**3 + 26*q**2 + 21*q - 86. Let i be t(-25). Let l(x) = 1 - 6 - 3 + x. What is the remainder when 16 is divided by l(i)?
4
Let v be (-2)/5 - 108/(-20). Suppose 4*w - 21 = 2*l + 5, v*l = 5*w - 70. Let d = l - -43. What is the remainder when 54 is divided by d?
26
Suppose -6*y - 6*p + p + 193 = 0, 0 = -3*y - p + 98. Calculate the remainder when 39 is divided by y.
6
Let f = 97 - 93. Suppose -f*j + s = -1065, j + 2*s = 2*j - 275. What is the remainder when j is divided by 38?
37
Suppose -8*j + 81 - 9 = 0. Suppose -j*d + 288 = -3*d. What is the remainder when d is divided by 13?
9
Suppose -8*v + 7*v - 2*r = 97, -513 = 5*v - 4*r. Let i = v + 143. What is the remainder when i is divided by 23?
19
Suppose -3*y = -h + 74, 70 = -5*y + 2*y + 5*h. What is the remainder when 29 is divided by (-5)/(y/(-20)) + 12?
5
Suppose -3*t = -7 - 2. Let o(h) = -6*h**2 + 446*h + 310. What is the remainder when o(75) is divided by t?
1
Suppose -82*o = -77*o - 1360. Calculate the remainder when o is divided by 25.
22
Let w(p) = p**2 - 4*p - 8. Let m be w(6). Suppose 2*h - m*f - 6 = 0, 5*h - f + 3*f = 27. What is the remainder when 7 + 2 + (-4 - -3) is divided by h?
3
Let f(h) = -15*h + 296. Suppose -3*t + 5*k = -18, 0*k + 4*k = -2*t - 10. Let n(j) = 104*j - 1. Calculate the remainder when n(t) is divided by f(18).
25
What is the remainder when 41 is divided by (-44)/(-3) - (336/(-36) - -10)?
13
Suppose -y - 420 = -22*y. What is the remainder when 93 is divided by y?
13
Calculate the remainder when 6*(-77)/110*-5 is divided by 12.
9
Let y = -407 + 431. What is the remainder when 167 is divided by y?
23
What is the remainder when 2 - -2*10/1 is divided by 16/(-10)*(-165)/22?
10
Suppose 2*x - 8 = -60. Let b = -5 - x. Let l(u) = u**3 - 3*u**2 - 4*u - 3. Calculate the remainder when l(6) is divided by b.
18
Let j(v) = v**2 - v - 15. Let o be j(0). Let l = -100 + 112. Calculate the remainder when 15 is divided by ((-10)/o)/(2/l).
3
Suppose 4*y - 12 = -0. Suppose -8 = 2*j, -y*j + 2*j + 24 = -2*r. Calculate the remainder when 34 is divided by (-4 + r)*(-6)/9.
10
Suppose 0 = 2*g - 4, 63 = 2*c + 3*c + 4*g. What is the remainder when 26 is divided by c?
4
Suppose 3*o = 2*w + 188, 5*o = w - 5*w + 306. Let d = o - 35. Suppose -4*t + 2*t = -156. What is the remainder when t is divided by d?
24
Let a be 18/(-24)*(-4 - 0). Let v be a + 3 + 2/(-1). Calculate the remainder when 21 is divided by (9/v)/((-3)/(-16)).
9
Suppose -14 + 6 = -4*d. Suppose -6*p = -d*p - 148. Suppose r = 5*q + 14, -2*r - 20 = 5*q - 63. What is the remainder when p is divided by r?
18
Let j be -4 - (-1 + 4 + -4). What is the remainder when (-166)/j 